List the prime factors of 16131.
3, 19, 283
List the prime factors of 18505.
5, 3701
List the prime factors of 803.
11, 73
List the prime factors of 825.
3, 5, 11
List the prime factors of 2315.
5, 463
What are the prime factors of 461?
461
List the prime factors of 1242.
2, 3, 23
List the prime factors of 62697.
3, 20899
List the prime factors of 20258.
2, 7, 1447
List the prime factors of 1963.
13, 151
List the prime factors of 1565.
5, 313
List the prime factors of 14403.
3, 4801
What are the prime factors of 188?
2, 47
List the prime factors of 722.
2, 19
List the prime factors of 4933.
4933
List the prime factors of 60512.
2, 31, 61
List the prime factors of 9755.
5, 1951
What are the prime factors of 481?
13, 37
What are the prime factors of 21529?
21529
What are the prime factors of 41229?
3, 509
What are the prime factors of 18559?
67, 277
List the prime factors of 731.
17, 43
List the prime factors of 109.
109
List the prime factors of 100541.
7, 53, 271
What are the prime factors of 4411?
11, 401
List the prime factors of 846.
2, 3, 47
What are the prime factors of 730?
2, 5, 73
List the prime factors of 36515.
5, 67, 109
List the prime factors of 10636.
2, 2659
List the prime factors of 5692.
2, 1423
List the prime factors of 82.
2, 41
List the prime factors of 41782.
2, 13, 1607
List the prime factors of 572.
2, 11, 13
What are the prime factors of 2058?
2, 3, 7
What are the prime factors of 6272?
2, 7
What are the prime factors of 264?
2, 3, 11
List the prime factors of 6461.
7, 13, 71
List the prime factors of 11122.
2, 67, 83
List the prime factors of 705.
3, 5, 47
List the prime factors of 3349.
17, 197
List the prime factors of 3493.
7, 499
List the prime factors of 348.
2, 3, 29
List the prime factors of 42860.
2, 5, 2143
List the prime factors of 1709.
1709
What are the prime factors of 1175?
5, 47
What are the prime factors of 5714?
2, 2857
List the prime factors of 7997.
11, 727
What are the prime factors of 30073?
17, 29, 61
List the prime factors of 1973.
1973
What are the prime factors of 4241?
4241
What are the prime factors of 409?
409
What are the prime factors of 11801?
11801
List the prime factors of 902.
2, 11, 41
What are the prime factors of 21359?
13, 31, 53
List the prime factors of 1037.
17, 61
What are the prime factors of 49464?
2, 3, 229
List the prime factors of 79183.
13, 6091
What are the prime factors of 5192?
2, 11, 59
List the prime factors of 1231.
1231
List the prime factors of 3191.
3191
What are the prime factors of 9699?
3, 53, 61
What are the prime factors of 28083?
3, 11, 23, 37
List the prime factors of 58128.
2, 3, 7, 173
List the prime factors of 7779.
3, 2593
List the prime factors of 8147.
8147
List the prime factors of 25719.
3, 8573
List the prime factors of 42652.
2, 10663
List the prime factors of 12407.
19, 653
What are the prime factors of 3945?
3, 5, 263
What are the prime factors of 18137?
7, 2591
List the prime factors of 16056.
2, 3, 223
What are the prime factors of 8666?
2, 7, 619
What are the prime factors of 19416?
2, 3, 809
What are the prime factors of 3877?
3877
List the prime factors of 2308.
2, 577
List the prime factors of 11068.
2, 2767
What are the prime factors of 9758?
2, 7, 17, 41
What are the prime factors of 5367?
3, 1789
List the prime factors of 5443.
5443
List the prime factors of 1046.
2, 523
List the prime factors of 143.
11, 13
List the prime factors of 2242.
2, 19, 59
List the prime factors of 32774.
2, 7, 2341
List the prime factors of 13342.
2, 7, 953
What are the prime factors of 72848?
2, 29, 157
What are the prime factors of 8281?
7, 13
List the prime factors of 23761.
23761
List the prime factors of 31293.
3, 19, 61
What are the prime factors of 27848?
2, 59
What are the prime factors of 75848?
2, 19, 499
List the prime factors of 969.
3, 17, 19
What are the prime factors of 947?
947
List the prime factors of 6804.
2, 3, 7
What are the prime factors of 16276?
2, 13, 313
What are the prime factors of 10291?
41, 251
List the prime factors of 925.
5, 37
List the prime factors of 37401.
3, 7, 13, 137
List the prime factors of 5660.
2, 5, 283
List the prime factors of 6344.
2, 13, 61
What are the prime factors of 3760?
2, 5, 47
List the prime factors of 323.
17, 19
What are the prime factors of 46123?
7, 11, 599
What are the prime factors of 851?
23, 37
List the prime factors of 5454.
2, 3, 101
What are the prime factors of 40204?
2, 19, 23
What are the prime factors of 2550?
2, 3, 5, 17
List the prime factors of 3471.
3, 13, 89
What are the prime factors of 543?
3, 181
List the prime factors of 6263.
6263
List the prime factors of 1625.
5, 13
What are the prime factors of 4696?
2, 587
List the prime factors of 10645.
5, 2129
What are the prime factors of 33855?
3, 5, 37, 61
List the prime factors of 2679.
3, 19, 47
What are the prime factors of 1850?
2, 5, 37
What are the prime factors of 5899?
17, 347
What are the prime factors of 48163?
48163
List the prime factors of 1286.
2, 643
List the prime factors of 696.
2, 3, 29
What are the prime factors of 30828?
2, 3, 7, 367
List the prime factors of 549.
3, 61
List the prime factors of 1010.
2, 5, 101
What are the prime factors of 20700?
2, 3, 5, 23
What are the prime factors of 4265?
5, 853
What are the prime factors of 3421?
11, 311
What are the prime factors of 424?
2, 53
What are the prime factors of 308?
2, 7, 11
List the prime factors of 4513.
4513
List the prime factors of 113026.
2, 31, 1823
What are the prime factors of 453?
3, 151
What are the prime factors of 1119?
3, 373
List the prime factors of 2157.
3, 719
List the prime factors of 20716.
2, 5179
What are the prime factors of 10721?
71, 151
What are the prime factors of 21?
3, 7
What are the prime factors of 3845?
5, 769
List the prime factors of 12591.
3, 1399
What are the prime factors of 504?
2, 3, 7
What are the prime factors of 560?
2, 5, 7
List the prime factors of 1592.
2, 199
List the prime factors of 1966.
2, 983
List the prime factors of 6294.
2, 3, 1049
What are the prime factors of 64413?
3, 17, 421
What are the prime factors of 4115?
5, 823
List the prime factors of 2165.
5, 433
List the prime factors of 581.
7, 83
List the prime factors of 971.
971
What are the prime factors of 211?
211
What are the prime factors of 8588?
2, 19, 113
List the prime factors of 1848.
2, 3, 7, 11
List the prime factors of 51430.
2, 5, 37, 139
List the prime factors of 70393.
70393
What are the prime factors of 22928?
2, 1433
What are the prime factors of 973?
7, 139
What are the prime factors of 5688?
2, 3, 79
What are the prime factors of 1305?
3, 5, 29
List the prime factors of 37213.
11, 17, 199
List the prime factors of 27048.
2, 3, 7, 23
What are the prime factors of 2732?
2, 683
List the prime factors of 1642.
2, 821
List the prime factors of 2258.
2, 1129
What are the prime factors of 109?
109
What are the prime factors of 12760?
2, 5, 11, 29
What are the prime factors of 2721?
3, 907
List the prime factors of 144202.
2, 72101
What are the prime factors of 11550?
2, 3, 5, 7, 11
List the prime factors of 3430.
2, 5, 7
What are the prime factors of 1714?
2, 857
List the prime factors of 4098.
2, 3, 683
List the prime factors of 6006.
2, 3, 7, 11, 13
List the prime factors of 26776.
2, 3347
What are the prime factors of 2150?
2, 5, 43
What are the prime factors of 16653?
3, 7, 13, 61
List the prime factors of 3108.
2, 3, 7, 37
What are the prime factors of 133208?
2, 16651
What are the prime factors of 3618?
2, 3, 67
What are the prime factors of 822?
2, 3, 137
What are the prime factors of 18268?
2, 4567
List the prime factors of 3545.
5, 709
List the prime factors of 5447.
13, 419
List the prime factors of 78167.
78167
What are the prime factors of 64732?
2, 16183
What are the prime factors of 1029?
3, 7
List the prime factors of 36952.
2, 31, 149
What are the prime factors of 9627?
3, 3209
List the prime factors of 1220.
2, 5, 61
What are the prime factors of 1204?
2, 7, 43
What are the prime factors of 3840?
2, 3, 5
What are the prime factors of 70432?
2, 31, 71
What are the prime factors of 53686?
2, 17, 1579
What are the prime factors of 1516?
2, 379
What are the prime factors of 44423?
31, 1433
What are the prime factors of 9381?
3,